Suppose -2*z = g - z + 26, 2*g + 52 = -z. Let s = -12 - g. Calculate the greatest common factor of 2 and s.
2
Let y(o) = 2*o - 34. Let r be y(19). What is the highest common factor of 12 and r?
4
Let i = 8 - 2. What is the highest common factor of 6 and i?
6
Let i = -30 - -44. Suppose -12 = -t + 2. Calculate the highest common factor of i and t.
14
Let u(h) = 12*h**2 + 3*h + 3. Let b be u(-2). What is the highest common factor of 18 and b?
9
Let z = 339 + -229. What is the highest common factor of 44 and z?
22
Let y be 1523/13 + 12/(-78). Suppose j + 2*d = -19, -4*j + 4*d - y + 5 = 0. Let x = j + 36. What is the highest common factor of 11 and x?
11
Let k be (-9)/(-2 + (-21)/(-6)). Let f be (-16)/k + 8/(-12). Suppose 4*r - 2*p = 466 - 94, -f*r - 2*p = -198. What is the greatest common factor of r and 38?
19
Let m = -16 + 24. Let n be 329/28 + 2/m. Suppose -25 = 5*t, 4*t = a - 56 - 24. What is the greatest common divisor of n and a?
12
Let c(a) be the second derivative of a**4/6 - 3*a**2/2 + 2*a. Let s be c(3). What is the greatest common factor of 3 and s?
3
Suppose -2*g = 5*k - 31 - 12, -4*k - 76 = -3*g. Suppose -o + 3*b = o - 30, 0 = o + 5*b - 2. What is the greatest common divisor of o and g?
12
Let l = 39 - 9. Calculate the highest common factor of 15 and l.
15
Let f(j) = 11*j - 16. Let z be f(8). Calculate the greatest common divisor of z and 18.
18
Let o be 22/2 + (-7 - -4). Suppose 4*y + 2 - 6 = 0, -2*j = -2*y - o. What is the highest common factor of j and 15?
5
Let f(t) = t**2 - 13*t + 15. Let d be f(12). Calculate the highest common factor of 15 and d.
3
Let b be 16/(-12) - (-91)/21. Calculate the greatest common factor of b and 3.
3
Let b be -1*(-3 + 51)/(-3). What is the greatest common divisor of b and 2?
2
Suppose 0 = -6*d + 8*d - 528. What is the highest common factor of d and 24?
24
Let n be 45/(-6)*272/(-24). Let w(v) = v**2 - 4*v - 4. Let i be w(-3). Calculate the highest common divisor of i and n.
17
Suppose -5*v - 2*y - 20 = 0, 0*v - 2 = -3*v - 4*y. Let i be v/(-9) - (-1292)/6. Calculate the greatest common divisor of i and 24.
24
Let j be 1/(-4) - (-125)/20. Let a = 24 + j. What is the greatest common divisor of 6 and a?
6
Suppose 3*w = 150 + 135. What is the highest common divisor of w and 19?
19
Suppose f - 17 = 11. Let y = 168 - 161. Calculate the highest common factor of y and f.
7
Let b(x) = -x**3 - 7*x**2 - 2*x + 3. Let d be b(-7). Let n be (-3800)/(-28) - 2/(-7). What is the highest common divisor of n and d?
17
Let v(n) = 5*n + 4. Let j be v(4). Suppose -5*p - 2*i + 15 = 3*i, 3*p = -2*i + 12. Calculate the highest common divisor of p and j.
6
Let h = 156 - 105. What is the highest common factor of h and 357?
51
Let k(s) = -s**2 - 17*s - 35. Let z be k(-10). What is the greatest common factor of 10 and z?
5
Suppose -5*b - 61 = -16. Let g(x) = -x**3 - 8*x**2 + 2*x - 3. Let n be g(b). Calculate the greatest common factor of n and 12.
12
Let j be 639/7 - (-8)/(-28). Let b = j - 47. Calculate the greatest common factor of b and 22.
22
Suppose -4 + 2 = m. Let f be 16/2 + m + 1. Suppose u + a = f, -2*u + 0*a + 24 = -3*a. Calculate the highest common factor of u and 27.
9
Suppose -4*a + 23 = -2*m - 337, 0 = 4*m - 8. Let g = 4 + -2. Suppose 0 = -g*f + 7*f - 65. Calculate the greatest common factor of f and a.
13
Suppose 3*n - 768 + 390 = 0. Suppose -s + 5*w = 3*w + 13, 5*s + 72 = 3*w. Let f = s + 29. What is the greatest common factor of f and n?
14
Suppose 5*g + 5 = -10, -g = 5*p - 17. Let j be -2 + p - 0 - 471. Let d be (-3)/12 + j/(-4). What is the highest common factor of 13 and d?
13
Suppose 4*n + 2*q = 18, 19 = 5*n - 4*q - 10. Let i = n + 5. Suppose -h - 3*x + i = 0, 3*h - 59 = 5*x - 1. What is the highest common divisor of h and 2?
2
Let n be (1 - -2)/((-12)/(-8)). Let f be 10*(2 - (-7)/n). What is the greatest common divisor of 5 and f?
5
Suppose 5*j + 3 = -2. Let b(q) = 10*q**2 - q - 1. Let y be b(j). Calculate the highest common factor of y and 25.
5
Suppose -2*i = i - 396. What is the highest common divisor of i and 33?
33
Let b(f) = -7*f. Let i be b(-1). Suppose i + 9 = 4*x. Let l(s) = 4*s**2 + 6*s - 4. Let n be l(x). Calculate the highest common factor of n and 12.
12
Suppose 26 = c - 2*j - 0, -c = 4*j - 20. What is the highest common factor of 6 and c?
6
Suppose -3*k - 5*s + 607 = 0, 6*k - 3*s = k + 1057. What is the highest common factor of 19 and k?
19
Suppose 3*n = -n + 40. What is the greatest common divisor of n and 20?
10
Let r(n) = 2*n**3 - 4*n**2 - n - 4. Let z be r(4). Let o be 14/4*(-48)/(-21). Calculate the highest common factor of z and o.
8
Let x be ((-70)/(-30))/((-2)/12). Let o = x - -52. What is the highest common factor of o and 57?
19
Suppose -8*u = -6*u - 40. Calculate the highest common factor of u and 50.
10
Suppose g - 10 = -2*a, -g - 2*g + 2*a + 38 = 0. Let q = -2 - -5. Calculate the greatest common divisor of q and g.
3
Suppose 3*k - m = -2, 0 = k + 2*m - 11. Suppose -w = 5*t - 7 - k, 0 = 4*w + t - 13. Suppose -w*o + 5 = -2*o. Calculate the greatest common divisor of o and 40.
5
Let s(t) = 3*t - 1. Suppose -3*x - 3*z - 6 = 0, -3*x - 2*z + 2 = 5. Let l be s(x). Let i be (15/6)/(1/l). Calculate the highest common factor of 10 and i.
5
Let w be 207/7 - (-63)/147. What is the greatest common factor of w and 50?
10
Suppose 0*c + 528 = 5*x - c, 4*x + 2*c - 428 = 0. Let b = 22 + x. Let n be -24*(-6)/9 - 0. What is the highest common factor of b and n?
16
Suppose 0 = -2*m + 26 - 12. What is the highest common factor of m and 77?
7
Let q = 2 + 3. Suppose -w = -q, 2*w = 2*d + 3*w - 35. Suppose -4*s + 148 = -92. Calculate the highest common factor of s and d.
15
Suppose -g + 3*g - 14 = 0. Let f = g + 1. What is the greatest common divisor of 32 and f?
8
Suppose -i - 2*i = -60. Let f = i + 15. What is the highest common factor of f and 5?
5
Let v be ((-2)/(-5))/((-9)/(-90)). Let z be 111 + -6*v/8. What is the greatest common factor of 27 and z?
27
Let v = 0 + 10. Suppose 5*c = -9 + 4. Let n(t) = -72*t - 2. Let y be n(c). Calculate the greatest common factor of y and v.
10
Let t(g) = g**3 - 3*g**2 - 4*g + 1. Let b be t(4). Calculate the highest common divisor of b and 9.
1
Suppose 5*j = j. Let k(r) = r**2 - 4*r + 3. Let s be k(3). Suppose s = -3*b - j*b + 99. Calculate the highest common divisor of b and 11.
11
Let m be (-2*(3 + -1))/(-1). Suppose -5*u = m*a - 401 - 187, -4*a = -2*u - 616. Let c = -621 + 640. Calculate the greatest common divisor of c and a.
19
Suppose 2*t - 68 + 14 = 0. Calculate the greatest common divisor of t and 135.
27
Suppose q + 46 = 4*q - 4*x, -q + 10 = -4*x. What is the highest common divisor of q and 9?
9
Let p = 20 + -2. Calculate the highest common factor of 9 and p.
9
Let s = 40 + -13. Suppose -h - 4*w + s = 0, h - 5*w - 185 = -4*h. Let u be 7*(4 + -1 + -2). What is the greatest common factor of h and u?
7
Suppose -111 = -3*b + 33. What is the highest common divisor of 24 and b?
24
Suppose -m = -0*m - 5, 3*x - 4*m = 4. Suppose 5*l - 3*l + 4*f = 18, -4*l + 3*f = -47. Suppose 3*r - l = 13. Calculate the greatest common divisor of r and x.
8
Suppose 3*w + 3*m = -m + 24, 6 = -2*m. Let i(a) = a**3 + 5*a**2 + 2*a - 4. Let v be i(-4). Calculate the greatest common factor of w and v.
4
Suppose -5*j + 5*u = -35, 5*j - u + 6*u = 5. What is the greatest common factor of j and 2?
2
Let x be (1*-2)/(12/(-78)). What is the highest common factor of 65 and x?
13
Let p = -36 + 48. What is the highest common factor of 36 and p?
12
Let l = -31 + 34. What is the highest common factor of l and 12?
3
Suppose -2*m + 56 = 4*h, m - 4*h - 56 = -m. What is the highest common factor of 2 and m?
2
Let u = -7 + 11. Suppose -u*y + 47 + 225 = 0. Calculate the highest common divisor of y and 17.
17
Suppose 5*p = 15 - 0. Suppose -p*d = o - 3, 2*o = -2*o. Let y be (-2 - -4)*(1 + d). What is the highest common divisor of 4 and y?
4
Suppose 0 = 4*k + 35 + 33. Let y = -1 - k. Let p(o) = -25*o - 1. Let n be p(-1). What is the highest common divisor of n and y?
8
Suppose -30 - 40 = -7*k. Let l(t) = -t + 12. Let v be l(8). What is the highest common divisor of k and v?
2
Let g(c) = -c**2 + 12*c + 10. Let y be g(10). Calculate the highest common factor of y and 15.
15
Let l be 0 - 1 - -30 - -3. What is th